inder when x is divided by (-4 - 0)*(1 - 2).
1
Let b = 10 + -8. What is the remainder when 3 is divided by (b + -2 + -1)*-1?
0
Let f = 102 - 70. Let n = -1 - -6. What is the remainder when f is divided by (0 - -9) + -3 + n?
10
Suppose 0 = 2*p - 3*p - x + 147, 0 = 5*p - 2*x - 721. Calculate the remainder when (-1)/6 - p/(-6) is divided by 13.
11
Let d(b) be the second derivative of -2*b**3/3 + 5*b**2/2 - 9*b. Calculate the remainder when d(-9) is divided by 21.
20
Suppose 2*w - 4*y + 43 = 3*w, -4*y - 72 = -4*w. Calculate the remainder when w is divided by 5.
3
Let k(a) = 9*a + 3. Let f be k(3). Suppose 3*h - 60 = -0*h. Let v = f - h. Calculate the remainder when 28 is divided by v.
8
Let x = 23 - 6. What is the remainder when 0/7 - (1 + -66) is divided by x?
14
Let d = -42 - -71. What is the remainder when d is divided by 11/1 + 1*-1?
9
Let q(l) = l**2 + 1. Let p(o) = -o**3 - 7*o**2 - o. Let g(i) = p(i) + 2*q(i). Let d be g(-4). Let c = d - -14. What is the remainder when 15 is divided by c?
3
Suppose 144 = -23*d + 29*d. Calculate the remainder when 71 is divided by d.
23
Let j = -116 - -179. Suppose l - 5*l = 116. Let m = -13 - l. Calculate the remainder when j is divided by m.
15
Suppose 2*s = s - 5*c + 28, 2*s - c = 45. What is the remainder when 135 is divided by s?
20
Let h = -21 + 32. What is the remainder when 19 is divided by h?
8
Suppose 0 = -4*o + 2*i + 178 - 34, 0 = o - 4*i - 43. Suppose -3*p - 4*j + 11 = 0, -p + 5*j + 65 = 4*p. Calculate the remainder when o is divided by p.
8
Let a(o) = 3*o**2 + 3*o - 1. Let f = -148 + 212. What is the remainder when f is divided by a(-3)?
13
Let y(s) = -13*s - 6. Let l be y(-4). Suppose -l + 2 = -b. Calculate the remainder when b is divided by 15.
14
Suppose y - 4*y + 201 = 0. Let a = y + -34. Let h = -23 - -35. What is the remainder when a is divided by h?
9
Suppose -2*i - 4 = -3*i. Suppose 77 = i*n + 1. Suppose -3*h + 23 = -n. Calculate the remainder when 26 is divided by h.
12
Suppose 2*v + 2*v + 64 = 4*w, 2*w = 3*v + 31. Let z = -30 - -36. What is the remainder when w is divided by z?
5
Let g = -39 - -74. Suppose 2*q - g = 9. Suppose 4*z - 30 = q. What is the remainder when 36 is divided by z?
10
Let j(t) = 7*t**2 + t - 1. Calculate the remainder when 19 is divided by j(1).
5
Suppose -18 = -s - 3*s + 3*g, 11 = 5*s + 2*g. Suppose 0 = -s*n + n + 38. Calculate the remainder when 35 is divided by n.
16
Suppose -17 = -s - 0*s. Let r(u) = 657*u - 1. Let v be r(1). What is the remainder when 3/15 + v/20 is divided by s?
16
Suppose -3*f - 2*q + 0*q - 9 = 0, 2*q = f - 5. What is the remainder when 4 + 2 + (f - 2) is divided by 2?
1
Let d(v) = -13*v - 14. Suppose -r + 31 = 2*a - 4*a, 3*r + 3*a - 48 = 0. What is the remainder when d(-9) is divided by r?
19
Suppose 0 = 3*o + o - 8. Let x = o + 3. Calculate the remainder when 12 is divided by x.
2
Calculate the remainder when -15*(-6)/(-27)*-15 is divided by 13.
11
What is the remainder when 12 is divided by (-2)/5 + (235/25 - 1)?
4
Let r(y) = y + 13. What is the remainder when 8 is divided by r(-9)?
0
Let a = -39 - -51. Calculate the remainder when 22 is divided by a.
10
What is the remainder when 13617/289 - (-2)/(-17) is divided by 25?
22
Let k = -2 - -10. Calculate the remainder when 2 + 1 + -2 + 21 is divided by k.
6
Let d(a) = a**3 - 15*a**2 + 15*a + 12. What is the remainder when d(14) is divided by 14?
12
Suppose 5*u = q - 33, -5*u = 12 + 8. Let a = -6 + q. Let x = 0 + a. What is the remainder when 25 is divided by x?
4
Let b(j) = 26*j**2 - 2*j + 1. Calculate the remainder when b(1) is divided by (2 - (-112)/(-52)) + 171/13.
12
Suppose 0 = -2*r + 34. What is the remainder when 29 is divided by r?
12
Let b(h) = h**3 + 9*h**2 + 6*h + 5. Calculate the remainder when b(-4) is divided by 19.
4
Let k(o) = -o + 2. Calculate the remainder when (13/2)/(20/40) is divided by k(-5).
6
Let c(h) = 3*h + 1. Calculate the remainder when c(9) is divided by 8.
4
Suppose 0 = -3*c - 2*l + 117, 0 = c + 4*c - 3*l - 176. What is the remainder when c is divided by 22?
15
Let m = -1 + 0. Let k be (0 - m) + 1 - -1. What is the remainder when 6/k*(-53)/(-2) is divided by 18?
17
Suppose 47 = -11*c + 124. Calculate the remainder when 26 is divided by c.
5
Suppose -16 + 59 = 4*d + t, 2*t = 4*d - 46. Calculate the remainder when 120 is divided by d.
10
Let m(s) be the third derivative of s**4/3 + 7*s**3/6 - s**2. Let x(z) = -z**2 + 8*z - 7. Let j be x(6). Calculate the remainder when m(j) is divided by 16.
15
Let g = 36 - 27. Calculate the remainder when g is divided by 5.
4
Let i(r) = 5*r + 2. Let j be i(-1). Let k(c) = c**2 + 4*c + 6. Let t be k(-4). Let a = t - j. What is the remainder when 34 is divided by a?
7
Let n(h) = -23*h - 18. What is the remainder when n(-7) is divided by 48?
47
Suppose -k = -3*z - 30, -5*k + 19 = -z - 61. Suppose k = -5*f, -f + 10 = 2*b - 13. Calculate the remainder when b is divided by 8.
5
Suppose p + 19 = -2*v + 83, 3*v = 2*p - 93. Let q = 93 - p. What is the remainder when q is divided by 21?
18
Let f = 7 - -28. What is the remainder when f is divided by (-1 + (-26)/(-10))/(22/165)?
11
Let f = 12 - 8. Suppose 2*u + 68 = f*u. Calculate the remainder when 33 is divided by (u/4)/((-3)/(-6)).
16
Suppose 8 = l - 27. Calculate the remainder when 207 is divided by l.
32
Let u be (6/4)/((-45)/(-120)). What is the remainder when 43 is divided by ((-69)/(-6))/(u/8)?
20
Let q = 11 - 9. Let a(d) = d**2 - 7*d + 7 - 1 + 4*d**q. Calculate the remainder when a(4) is divided by 15.
13
Let b = 3 - -1. Suppose b*a + 3*g - 6 = -3, a = -g. Suppose -2*v - 3*v + 20 = 0. Calculate the remainder when v is divided by a.
1
Let p(q) = 3*q + 1. Suppose 2*b - 7 = g, 2*b + 3*g - 10 = 1. Suppose -3*a = -y - 8*a + 3, b*y - 2*a = 78. What is the remainder when y is divided by p(3)?
8
Let d = -3 + 3. What is the remainder when 25 is divided by 5 - (d/(-2) - 2)?
4
Let l = 80 - 33. Let s = 14 - 9. What is the remainder when l is divided by 128/40*s/1?
15
Suppose -4*p = 5 - 21. Let q be 0/(((-18)/(-2))/(-3)). Suppose 4*d = -16, q = -3*g - 2*d - d + 9. What is the remainder when g is divided by p?
3
Let n = 81 + -28. Let b = n - 33. What is the remainder when b is divided by 7?
6
Let x = 99 - 96. Let u = -11 - -20. What is the remainder when u is divided by x?
0
Let t be (152/(-5))/(3/(-15)). Calculate the remainder when t/11 + 2/11 is divided by 4.
2
Let u(i) = 12*i - 7. Calculate the remainder when 84 is divided by u(3).
26
Let t be (-2)/(-1) + -8 + 4. Let c = 0 - t. Suppose 0 = f - 10 + c. Calculate the remainder when 22 is divided by f.
6
Let l(r) = -r + 4. Calculate the remainder when 36 is divided by l(-4).
4
Let v = 6 - 2. Suppose v*q - 16 = -4. Let g(n) = n**2 - n + 3. Calculate the remainder when 25 is divided by g(q).
7
Suppose -3*y - 56 = -2*k, 21 = 2*k - k - 5*y. What is the remainder when k is divided by 16?
15
Calculate the remainder when ((-4)/4 + -11)*-4 is divided by 17.
14
Suppose 2*w - 42 = 3*a + 34, -2*w + a + 72 = 0. Let j = 54 - w. Let u = 8 - -48. Calculate the remainder when u is divided by j.
18
Suppose 6 - 13 = -q. Let h = -1 + q. Calculate the remainder when 11 is divided by h.
5
Let t(l) = l**3 - l**2 - l + 3. Suppose 3*x - 21 = 2*z - 4*z, 0 = -3*z - x + 14. Let p(q) = 4*q - 7. What is the remainder when p(z) is divided by t(0)?
2
Let m be -7*(2 + -3) + -1. Let h(y) = -y**2 + y**3 - 2*y**3 + m*y - 6*y**2. What is the remainder when h(-8) is divided by 6?
4
What is the remainder when (-915)/(-10) - 9/6 is divided by 23?
21
Suppose 0 = -0*t + 5*t - p - 133, -6 = -3*p. Calculate the remainder when t is divided by 5.
2
Let s(x) = x**2 - 14*x - 5. Calculate the remainder when s(19) is divided by 13.
12
Suppose 0 = -4*q - q + 915. Suppose 0 = -3*x + x, -q = -3*s - 2*x. What is the remainder when s is divided by 16?
13
Suppose -3*a + 3*b = -5*a + 15, 3*a - 32 = 5*b. Suppose -2*z + 5*p + 46 = 0, 41 = z + 3*p - p. What is the remainder when z is divided by a?
6
Suppose 3*l - 19 + 4 = 0. Suppose 6 + 10 = 4*t, 21 = -l*a + 4*t. What is the remainder when 3*((6 - a) + 0) is divided by 11?
10
Let t(d) = d**2 + 8*d + 8. Suppose -11*v = -7*v + 40. Calculate the remainder when t(v) is divided by 15.
13
Suppose 2*d = -5*u + 14 + 32, d = -u + 20. Calculate the remainder